ivisor of 663 and 117.
39
Calculate the greatest common factor of 14 and 91.
7
Calculate the greatest common divisor of 524 and 3013.
131
Calculate the highest common factor of 1274 and 434.
14
What is the highest common divisor of 4929 and 62?
31
What is the highest common divisor of 79 and 6241?
79
What is the greatest common factor of 81 and 63?
9
Calculate the greatest common factor of 39694 and 534.
178
Calculate the greatest common divisor of 9 and 717.
3
What is the highest common divisor of 3072 and 6?
6
What is the highest common factor of 902 and 41?
41
What is the greatest common divisor of 24 and 4488?
24
Calculate the highest common divisor of 18 and 27.
9
What is the highest common factor of 10701 and 232?
29
Calculate the highest common divisor of 58 and 2.
2
What is the highest common divisor of 108 and 372?
12
What is the greatest common factor of 486 and 17253?
243
What is the highest common factor of 93 and 3?
3
Calculate the greatest common factor of 1640 and 40.
40
Calculate the highest common factor of 4199 and 3978.
221
What is the greatest common factor of 1248 and 507?
39
Calculate the highest common divisor of 347 and 17.
1
Calculate the greatest common factor of 940 and 2068.
188
Calculate the highest common divisor of 5540 and 831.
277
What is the greatest common divisor of 2070 and 90?
90
What is the greatest common factor of 720 and 1872?
144
What is the greatest common factor of 7334 and 114?
38
Calculate the highest common divisor of 13251 and 21.
21
Calculate the greatest common factor of 56 and 1596.
28
Calculate the highest common factor of 84 and 182.
14
Calculate the highest common divisor of 18 and 24.
6
What is the greatest common divisor of 7455 and 420?
105
What is the highest common factor of 5213 and 13?
13
Calculate the highest common divisor of 186 and 24.
6
What is the highest common divisor of 36 and 580?
4
What is the greatest common divisor of 4 and 6268?
4
Calculate the highest common divisor of 4 and 993.
1
Calculate the highest common factor of 78 and 282.
6
What is the greatest common factor of 1474 and 469?
67
Calculate the highest common divisor of 2295 and 54.
27
Calculate the greatest common divisor of 48 and 66.
6
What is the greatest common factor of 4221 and 18?
9
Calculate the highest common divisor of 54 and 4887.
27
What is the highest common divisor of 123 and 328?
41
What is the greatest common factor of 26581 and 19?
19
Calculate the greatest common factor of 56 and 350.
14
Calculate the highest common factor of 415 and 332.
83
Calculate the highest common divisor of 9414 and 18.
18
Calculate the highest common factor of 46 and 2.
2
What is the greatest common factor of 178 and 89?
89
What is the highest common divisor of 18 and 2?
2
What is the highest common factor of 2656 and 288?
32
What is the highest common divisor of 366 and 610?
122
What is the greatest common factor of 4203 and 9?
9
What is the greatest common divisor of 648 and 8?
8
Calculate the highest common divisor of 608 and 95.
19
What is the highest common factor of 572 and 13?
13
What is the highest common divisor of 290 and 406?
58
What is the highest common factor of 79227 and 9?
9
What is the greatest common divisor of 315 and 45?
45
What is the highest common factor of 42 and 1050?
42
What is the highest common divisor of 250 and 50?
50
What is the highest common factor of 7322 and 28?
14
What is the greatest common divisor of 76 and 342?
38
Calculate the greatest common divisor of 161 and 92.
23
Calculate the greatest common divisor of 21 and 672.
21
What is the greatest common divisor of 19 and 589?
19
Calculate the highest common factor of 222 and 114.
6
What is the greatest common factor of 159 and 3?
3
Calculate the greatest common divisor of 115 and 20.
5
Calculate the highest common factor of 1936 and 308.
44
What is the highest common factor of 6127 and 22?
11
Calculate the highest common factor of 114 and 24.
6
What is the greatest common divisor of 1817 and 2054?
79
What is the highest common divisor of 13 and 16692?
13
Calculate the highest common factor of 1679 and 219.
73
Calculate the greatest common divisor of 1044 and 324.
36
Calculate the highest common divisor of 74 and 2.
2
Calculate the greatest common factor of 2563 and 1165.
233
What is the greatest common factor of 1104 and 253?
23
What is the greatest common divisor of 48 and 132?
12
What is the greatest common factor of 2619 and 189?
27
Calculate the greatest common factor of 15 and 45.
15
Calculate the highest common factor of 53594 and 508.
254
Calculate the highest common divisor of 55 and 6985.
55
What is the highest common factor of 840 and 5?
5
What is the greatest common factor of 5370 and 60?
30
Calculate the greatest common factor of 889 and 7.
7
What is the highest common factor of 6141 and 69?
69
Calculate the highest common factor of 174 and 725.
29
Calculate the greatest common factor of 40 and 4390.
10
What is the greatest common divisor of 5671 and 107?
107
Calculate the highest common factor of 232 and 203.
29
What is the greatest common divisor of 350 and 42?
14
What is the highest common divisor of 312 and 4836?
156
Calculate the highest common divisor of 43 and 20.
1
What is the greatest common divisor of 56 and 98?
14
What is the greatest common divisor of 195 and 15?
15
Calculate the highest common divisor of 501 and 167.
167
What is the greatest common divisor of 223 and 2?
1
What is the greatest common factor of 2146 and 58?
58
What is the highest common divisor of 703 and 148?
37
Calculate the greatest common divisor of 15 and 45.
15
Calculate the greatest common factor of 18375 and 150.
75
What is the highest common factor of 39 and 2171?
13
Calculate the greatest common factor of 54 and 2106.
54
Calculate the greatest common factor of 304 and 128.
16
What is the greatest common factor of 18 and 927?
9
What is the highest common factor of 115 and 3435?
5
What is the greatest common factor of 81 and 12?
3
Calculate the highest common factor of 16 and 688.
16
Calculate the greatest common divisor of 40 and 430.
10
Calculate the greatest common factor of 4110 and 30.
30
What is the greatest common factor of 2771 and 1304?
163
What is the greatest common factor of 6403 and 19?
19
Calculate the greatest common factor of 278 and 56990.
278
Calculate the highest common divisor of 1368 and 1656.
72
What is the highest common divisor of 14 and 9814?
14
What is the highest common factor of 144 and 16?
16
Calculate the greatest common divisor of 1261 and 97.
97
Calculate the greatest common divisor of 3159 and 243.
243
What is the greatest common factor of 1528 and 6?
2
What is the greatest common divisor of 12 and 621?
3
What is the highest common factor of 156 and 676?
52
Calculate the highest common divisor of 159 and 6890.
53
Calculate the highest common divisor of 322 and 69.
23
What is the greatest common divisor of 6265 and 105?
35
Calculate the highest common divisor of 36 and 16.
4
Calculate the greatest common divisor of 25 and 800.
25
What is the highest common divisor of 1456 and 1365?
91
What is the greatest common divisor of 54882 and 36?
18
What is the highest common divisor of 3 and 2643?
3
What is the greatest common factor of 105 and 147?
21
Calculate the greatest common factor of 38 and 37069.
19
Calculate the greatest common factor of 769 and 7.
1
Calculate the greatest common factor of 55 and 1474.
11
Calculate the highest common factor of 80 and 45.
5
What is the greatest common factor of 75 and 600?
75
Calculate the greatest common divisor of 1782 and 132.
66
Calculate the highest common divisor of 3515 and 1330.
95
What is the highest common divisor of 7038 and 23?
23
Calculate the greatest common factor of 1628 and 37.
37
Calculate the highest common factor of 346 and 10.
2
What is the highest common divisor of 11 and 3113?
11
Calculate the highest common divisor of 784 and 7.
7
Calculate the greatest common divisor of 1024 and 3200.
128
Calculate the greatest common factor of 520 and 156.
52
What is the greatest common divisor of 16 and 656?
16
What is the highest common factor of 32 and 1888?
32
Calculate the highest common divisor of 18912 and 24.
24
What is the highest common factor of